t) = -2*t**2 + 6*t - 2. Suppose 0 = -47*a + 52*a - 25. Let s(v) = -12*v + 65. Let o be s(a). Calculate d(o).
-22
Let s be 8/6*(-108)/(-144). Let i(w) = -8*w**3 - w**2 + 4*w + 2. Let g(y) = 8*y**3 + y**2 - 3*y - 1. Let m(j) = -3*g(j) - 2*i(j). Give m(s).
-9
Let g(k) = -20 + 11 - 1 + 1 + 6 - 10*k. What is g(-4)?
37
Let k(j) = -j**3 - 6*j**2 + 10*j + 6. Let s = 126 - 124. Suppose 0 = -5*z - s*r - 31, -z - 2*z + 5*r = 31. Give k(z).
-15
Let g(j) = 38 + 828*j**3 - 1620*j**3 + 10*j**2 + 791*j**3 + 20*j. What is g(12)?
-10
Suppose 476*f - 774 = 734*f. Let y(d) = d**3 + 8*d**2 + 12*d. Give y(f).
9
Let a = -919 - -922. Let g(s) = 3*s**2 - 7 + 3*s**2 + 8*s - 9*s - a*s**3 + 0*s**2 + 4*s**3. Suppose b = -0*b - 6. Give g(b).
-1
Let p(z) = 3*z + 63. Let i(r) = r + 22. Let g(j) = -17*i(j) + 6*p(j). Suppose 2*y + 75 = -y. Let n = 18 + y. Determine g(n).
-3
Let m(n) = 19*n**3 - 2*n**2 + 1. Let x(k) = -5*k**3 - 20*k**2 - 2*k + 14. Let d be x(-5). Let i = -148 + d. Calculate m(i).
18
Let a(q) = 2*q + 2. Let i(t) = t**2 - t. Let h(g) = a(g) + 3*i(g). Let r(v) = -v + 4. Let x(f) = -f**2 + 2. Let y be x(0). Let w be r(y). Calculate h(w).
12
Let x be (-10)/(-3)*21/14. Let v(m) = -2 - m + x - 7. Suppose -22 = 11*f - 66. Give v(f).
-8
Let u(s) = s**3 + 8*s**2 + 7*s + 3. Let z be u(-7). Suppose 2*b - 2*k = -2, -z*k + 1 = -2*b - 4. Let w(t) = -43 + 4*t**2 - 2*t**b + 2*t + 41. Determine w(2).
10
Let r be ((-15)/(-6) - 2)/(8/(-1136)). Let u = r - -77. Let h(w) = 3 + 4 - 8 + 2 - u*w. What is h(-2)?
13
Suppose -1947 = 8*t - 1971. Let b(k) = -k**2 + 3*k - 2. Calculate b(t).
-2
Let l(s) = 57*s + 2. Let i = 2397 - 2398. What is l(i)?
-55
Let m(z) = 2*z**2 + 11*z + 16. Let x be m(-4). Let b(j) be the third derivative of 1/12*j**x + 0 + 0*j - 16*j**2 + 0*j**3. Calculate b(4).
8
Let g(w) = 4*w - 3. Suppose -8 = 5*u + 7. Let v be 12/2 - 0*(u - -4). Suppose -s - 3 = -v. Give g(s).
9
Let x(g) be the third derivative of 36*g**2 + g + 1/3*g**3 - 1/24*g**4 + 0. Determine x(2).
0
Let v(l) = -l - 10. Let a be v(-12). Let s(d) = 3 + d**2 - a*d + d**2 + 3*d - 5*d. Give s(4).
19
Suppose 3*b + 5*d - 9 = b, -3 = 3*d. Let l(o) = 15*o**3 + 7*o**2 + 2. Let a(c) = 136*c**3 + 55*c**2 + 9*c + 6. Let r(z) = a(z) - 9*l(z). Calculate r(b).
2
Suppose 3*a = 4*j + 17, -j = -3*a - 0*a + 11. Let r = j + 0. Let d(y) be the second derivative of y**5/20 - y**4/6 - y**3/3 + y**2 - 819*y. Calculate d(r).
-10
Let p(b) = -b**3 - b - 2. Let h(u) = -41*u**2 - u - 10 - 3*u**3 - 16*u**2 - 6. Let v be h(-19). Determine p(v).
-32
Suppose 2*h + 6 = 6*h - 5*d, -d - 10 = -3*h. Let i(r) = -h + 286*r - 285*r + 2. Let m be (0 + -3 - -10) + 1. Determine i(m).
6
Suppose -10*s - 151 = -71. Let k(p) = -2*p + 8. Calculate k(s).
24
Let z(u) = -5*u + 1. Suppose -9 = k - 4*k. Suppose -2*o - c - k*c = -26, -4 = -3*o + c. Calculate z(o).
-14
Let c be 14/(-4 + 3)*(-12)/(-24). Let l(j) = j**2 + 14*j + 7. Calculate l(c).
-42
Let l(m) be the first derivative of 2*m**3/3 + 10*m**2 + 15*m + 2191. Calculate l(-10).
15
Let u(p) = -p**3 - 13*p**2 - 6*p - 3. Suppose 0*r + 18*r + 110 = -106. What is u(r)?
-75
Suppose -w = -3*g + 30, 3*g - 54 = 44*w - 39*w. Let p(u) = -u**3 - 7*u**2 - 7*u - 9. Calculate p(w).
-3
Suppose -2*g = 13 - 11, 2*w - 24 = -2*g. Let d(v) = 25 + 0*v + 8*v - v**2 - w - 20 - 3*v. Give d(8).
-32
Let c(h) = -h**3 - 4 + 9 + 9*h**2 - 8 + 285*h - 286*h. Calculate c(8).
53
Let y(n) = 5*n**3 - 5*n**2 - n + 7. Let d(o) = -3*o - 109*o**2 + 3*o + 120*o**2 - 13 - 9*o**3. Let a(s) = 4*d(s) + 7*y(s). Give a(8).
5
Let k(c) = 5*c + 154. Let n(p) = -25. Let o(u) = -k(u) - 6*n(u). Calculate o(-3).
11
Suppose 6 = c + 5. Let a(s) = 30*s - 3. Let m(g) = 2*g - 1. Let l(z) = -a(z) + 4*m(z). Determine l(c).
-23
Let f(x) be the second derivative of x**4/12 - 2*x**3 + 21*x**2/2 + x - 1. Calculate f(9).
-6
Let r(v) = -3*v**2 - 6*v - 1. Suppose -9*t - 23 = 2*p - 12*t, -t + 5 = 0. Give r(p).
-25
Let s(m) = m**2 - 720 + 2909 - 730 + 4*m - 725 - 730. Let r be (-9)/(-2)*4/6. Suppose 18 = -r*l + 3. Give s(l).
9
Let a = 5 - 2. Let p(m) be the third derivative of -5*m**4/24 + m**3/2 - 79880*m**2. What is p(a)?
-12
Let m(c) = -c**2 + 10*c - 11. Suppose -2*w - 5*j - 37 = -66, -11 = -3*w - j. Let u be 2/((-2)/((-16)/w)). Determine m(u).
5
Let p(z) = 2*z - 20. Suppose -8*a + 9 = -2*o - 49, 0 = -3*a - 2*o + 8. Calculate p(a).
-8
Let r(l) = -14*l**2 - 28*l + 5. Let h(v) = 26*v**2 + 51*v - 11. Let s(x) = -6*h(x) - 11*r(x). Calculate s(5).
-29
Let q(o) be the first derivative of 11*o**2 - 2*o + 4879. Give q(7).
152
Let a(j) = -j**2 - 8*j + 6. Suppose -2*m - 33 = 5. Let t = 16 + m. Let r be 1*(t + -6) + 1. Determine a(r).
6
Let a be (-4)/10*(31 + -71). Let n(w) be the first derivative of 6*w + 4*w**2 + a - 2*w**3 - 1/4*w**4. Determine n(-7).
-1
Let f be (3 - (-20)/6)/1 - (-8)/12. Let v(o) = -8 - 8 + 6 + o. Determine v(f).
-3
Let r be (7 - 0/(-6)) + 1. Let f(b) = -5*b - b + 276 - 2*b**3 + b**3 - 291 + 9*b**2. Calculate f(r).
1
Let x(w) = 22*w - 158. Let g = -4506 + 4513. What is x(g)?
-4
Let s(v) = 2*v - 200. Let b(r) = 5*r - 211. Let k(m) = -11*b(m) + 12*s(m). What is k(-2)?
-17
Let c(z) = -2*z**2 - 7*z + 9. Let o(l) = -5*l**2 - 20*l + 25. Let i(u) = -8*c(u) + 3*o(u). Let j be (-2)/(-10)*3 - (-96)/40. Suppose j*w = 6*w - 18. Give i(w).
15
Let h(u) = 18*u - 2. Let o(f) = -10*f + 1. Suppose 5*n + r = 33 - 7, 5*n = r + 34. Let a(i) = n*h(i) + 11*o(i). Determine a(7).
-15
Let g(l) = -2*l**2 + l - 2. Let i(z) = -3*z**2 + z - 2. Suppose 8*k = 11*k - 12. Let u(p) = k*i(p) - 5*g(p). Give u(-3).
-13
Let m(a) = -10*a**2 - 19*a + 2. Let w(j) = 33*j**2 + 65*j - 7. Let i(h) = 17*m(h) + 5*w(h). Let t be 3/(-2)*(-32)/(-24). Give i(t).
-25
Let y(h) = -2*h**3 - h**2 + 6*h + 2. Let b be (-23)/(-1) - (7 - -13). Determine y(b).
-43
Let m(c) = -3*c - c**2 - c + 4*c + 3 + 2*c. Let z(h) = -h**3 + 3*h**2 - 4*h + 8. Let l be z(3). Let y be (-3 - l) + -5 + 7. Calculate m(y).
0
Let i(g) be the first derivative of -1/6*g**3 + 36*g - 3/2*g**2 + 2. Let j(x) be the first derivative of i(x). Give j(6).
-9
Let t(p) = 2*p**2 - 6*p - 1. Let w(q) = 5. Let v(a) = -t(a) + w(a). Give v(-5).
-74
Let o(b) = -8*b - 55. Let y(s) = 2*s**2 + 267*s - 687. Let h be y(-136). What is o(h)?
1
Suppose 4 = 5*p - 4*z, z = 7*p - 6*p. Let w(l) = 4*l + l**2 + l**2 - p*l - 6*l + 1. What is w(4)?
9
Let x(z) = z + 4. Let a = 73 - 70. Let u be (a + (-14)/4)*2/(-1). Suppose -2*b + 13 = -5*j, j + 2*b + 4 + u = 0. Give x(j).
1
Let b(d) = d**2 - 6*d - 19. Let c = 7769 - 7754. Determine b(c).
116
Let a(g) = -31*g**3 - 29*g**2 + 58*g - 18. Let h(x) = 39*x**3 + 28*x**2 - 57*x + 20. Let o(d) = -5*a(d) - 4*h(d). Calculate o(31).
10
Let j(c) be the second derivative of -48 - 1/2*c**4 + c + 1/20*c**5 - 7/2*c**2 + 1/3*c**3. Determine j(6).
5
Let z(u) = 239*u + 2652. Let v be z(-11). Let i(t) = -t**3 + 26*t**2 - 62*t - 161. What is i(v)?
0
Let s(h) be the first derivative of h**3/3 - 5*h**2 + 9*h + 1. Let m = 708 + -700. Suppose -17 + 37 = 2*n + j, 2*j = m. Give s(n).
-7
Let n(f) = -17*f - 24. Let x(z) = -19*z - 18. Let c(t) = 9*n(t) - 8*x(t). What is c(-16)?
-56
Let y(z) = 9*z - 71. Let b = -4159 + 4167. Give y(b).
1
Suppose 16*h = 14*h - 18. Let t(u) = -2*u**2 - 16*u + 15. Give t(h).
-3
Let k(t) be the second derivative of -71*t - 19/2*t**2 - 1/3*t**3 + 0. Give k(-13).
7
Let c(z) = z + 9. Let j(p) = 28*p + 2. Let k be j(1). Let a = 32 - k. Suppose a*t - 14 = -28. Give c(t).
2
Suppose 0 = 4*a - 10 - 10. Suppose -18 = -5*n + 3*i + 12, -i = 4*n - 7. Let w(k) = -4*k**2 + 6*k**3 - k**3 - 4*k**n - 4*k + 3*k - 2. Calculate w(a).
18
Let z(t) = -2*t - 6*t + 0*t - 87 + 98 - 5*t**2 + 6*t**2. Let b(h) = 6*h**2 + 2*h - 1. Let n be b(-2). Suppose 5*s + 21 + n = 5*i, i - 10 = 2*s. Give z(i).
-1
Let b(k) = k**2 - 15*k + 7. Let i = -19 - -223. Let m = i + -190. Give b(m).
-7
Suppose 3*c + p = 2, 0 = -2*c + 3*c - 2*p - 10. Let l(b) = 2*b**2 - 53*b + 298. Let d be l(8). Let o(z) = -13*z**2 + 1 - c + 25*z**2 - 13*z**d. Determine o(-5).
-26
Let f(y) be the second derivative of -y**4/12 + y**3 - 7*y**2/2 - 141*y + 4. What is f(10)?
-47
Let g(z) = 2*z + 5. Let v(m) = -m**3 - 9*m**2 + 36*m + 2. Let b be v(-12). Suppose 2*h = -r - 16, 2*h - 5 = -b*r - 21. Give g(h).
-11
Let a(d) = -d**3 - 7*d**2 - 5*d + 4. Let v be (0 + 27)*4/(-4)*-4. Let j = v + -114. Calc